 highest common factor of o and 11?
11
Let l be ((-1)/(-3))/((-5)/(-120)). Calculate the greatest common factor of l and 16.
8
Let v be 44/33*(-69)/(-4). What is the highest common divisor of 184 and v?
23
Let k be (-2 - 24)/(1/(-6)). What is the highest common factor of k and 39?
39
Suppose 4*r - i - 339 = 0, 2*r + 2*i - 414 = -3*r. Calculate the highest common factor of 12 and r.
12
Let j(i) = -2*i**3 - 2. Suppose -14 = 5*p - 4*c, c + 4 = 3*p + 11. Let g be j(p). Calculate the greatest common factor of g and 98.
14
Let q be 65/3 + (-26)/39. Calculate the highest common divisor of q and 105.
21
Suppose -7*n + 28 = -0*n. Suppose -3*m - 4*p = -124, m + 200 = 6*m + 5*p. What is the highest common divisor of n and m?
4
Suppose 4*n - l = -4*l + 183, 3*n = 2*l + 150. What is the highest common factor of n and 12?
12
Suppose -10*n = -6*n - 88. What is the greatest common divisor of n and 11?
11
Let q = 0 - -5. Suppose -q*u = -20 - 20. Let c(z) = z**2 - z + 2. Let f be c(2). What is the greatest common divisor of f and u?
4
Let b(x) = -14*x - 7. Let t be b(-8). What is the greatest common divisor of t and 21?
21
Let r(t) = 6*t. Suppose k + 1 + 0 = 0. Let g be r(k). Let j(i) = -12*i. Let l be j(g). Calculate the highest common factor of l and 9.
9
Let o = 6 - 14. Let x = -7 - o. What is the highest common divisor of x and 1?
1
Let h(c) = -c + 64. Let y be h(0). What is the highest common factor of y and 16?
16
Let a = 18 - 12. Let u(t) = -t - 1. Let r(d) = 7*d + 1. Let j(k) = a*u(k) + r(k). Let x be j(10). What is the highest common divisor of 40 and x?
5
Suppose -4*n + 26 = -2*v, 3*n - 5*v = 2 + 28. Suppose j + 3*b - 13 = 0, -n*j + 4*j + 3*b - 5 = 0. What is the greatest common divisor of j and 44?
4
Suppose c + 16 = 3*k + 3*c, -5*c - 2 = -3*k. Calculate the highest common factor of 12 and k.
4
Let l(y) = y - 5. Let j be l(5). Suppose j = -x + 3. What is the greatest common factor of 6 and x?
3
Let a be 2090/80 + 2/(-16). What is the greatest common factor of a and 260?
26
Suppose 0 = -5*w - 0*w - 765. Let a = w - -318. Let t(c) = -4*c + 31. Let s be t(4). Calculate the highest common divisor of s and a.
15
Let c = -4 + 13. Suppose 3*n - 3*a = 9, 1 + c = 4*n - 3*a. Let i(r) = -r - 2. Let u be i(-3). Calculate the highest common factor of n and u.
1
Let u(c) = -c**2 + 72. Let t be u(0). Suppose 2*o = -0*o + t. What is the highest common divisor of 4 and o?
4
Let b(n) = -n**3 - n**2 + 19. Let l be 0/((5 - -1)/(-3)). Let t be b(l). Calculate the greatest common factor of 152 and t.
19
Suppose 6*o - 12*o = -3942. Calculate the highest common divisor of 73 and o.
73
Let x(t) = t**2 - 6. Let u be x(-4). Calculate the highest common divisor of 70 and u.
10
Let w(o) = -o**2 + 13*o - 19. Let i be w(5). Calculate the highest common divisor of i and 42.
21
Suppose 0*p = p - 1. Suppose k + p = 3. Suppose -2*s + 53 = 2*i - 69, -k*s + 302 = 5*i. What is the highest common divisor of i and 40?
20
Let z = -18 + 36. Let x = 17 + 127. Calculate the greatest common divisor of x and z.
18
Let i = 26 - 20. What is the greatest common divisor of i and 42?
6
Let p(a) = -a**2 - 10*a - 6. Let v be p(-9). Suppose 5*h = v*h + 418. Let w(i) = 6*i - 5. Let g be w(4). What is the greatest common divisor of h and g?
19
Let b(m) = -10*m - 25. Let k be b(-7). Calculate the highest common factor of 60 and k.
15
Suppose v - 5 = u - 1, v = 3*u + 8. Suppose 2*b + 2*l - 18 = 0, -b + 6*b - 48 = -v*l. What is the greatest common divisor of 10 and b?
10
Let s = 52 - 35. Calculate the greatest common divisor of 68 and s.
17
Let g be 8 + (2 - (-1)/(-1)). Suppose 5*r = -4*d + 118, 4*d - r - 49 = 57. Calculate the greatest common factor of d and g.
9
Let q(i) = i + 40. Let h be q(-7). What is the highest common factor of 11 and h?
11
Suppose -3*n + 240 = -0*n. What is the highest common divisor of n and 32?
16
Let o(a) = 8*a**3 - a**2 + a + 1. Let r be (-23)/(-7) + (-16)/56. Let m be o(r). Let d = m - 115. Calculate the greatest common divisor of 12 and d.
12
Suppose 2*n + 3*n - 2*m = 172, -192 = -5*n - 3*m. Suppose 0 = 5*c - 20, -n = -2*x - 2*c - 2*c. Calculate the highest common factor of 4 and x.
2
Suppose 25 = 5*x, -4*x = -s - 3*s + 12. What is the highest common factor of s and 12?
4
Suppose 4*i + 4*l = 48, 8 = -6*l + 2*l. What is the greatest common divisor of i and 77?
7
Let k = -8 + 14. Let b be 46/k + (-3)/(-9). Let u = b + 4. Calculate the highest common factor of u and 108.
12
Let i be (-1 + -23)*(1 - (-4)/(-3)). What is the highest common divisor of i and 72?
8
Suppose -7 = g + 4*i, -2*g - 4*i + 0 = 2. Calculate the greatest common divisor of g and 35.
5
Let u = 18 + -8. What is the highest common factor of 50 and u?
10
Let q be (1/(-2) - 2)*-2. Let i(w) = w**2 - 4*w - 1. Let o be i(q). Let v be -52*o/((-32)/14). Calculate the greatest common factor of 13 and v.
13
Let m(z) = -58*z**3 - z**2. Let l be m(-1). Let v = l + 31. Calculate the highest common divisor of v and 8.
8
Let v = 238 + -139. Let k(m) = -2*m - 7. Let t be k(-9). Calculate the greatest common divisor of v and t.
11
Let s be 1*1*(-13 - -2). Let z be ((-2)/(-2))/((-1)/(-43)). Let m = s + z. Calculate the greatest common factor of 8 and m.
8
Let a = 85 + -61. Calculate the highest common divisor of a and 24.
24
Suppose 0 = t + t. Suppose -3*j = 5*p + 4, t = 3*p + 2*j + j. Let v be 13 + 1 - (p - 0). Calculate the highest common divisor of v and 48.
16
Let g be 11 + (-1)/(4 - (0 + 5)). Calculate the highest common factor of g and 132.
12
Suppose 14*z - 72 = 10*z. Calculate the greatest common divisor of 144 and z.
18
Let m be 6/8 + 18/8. What is the greatest common factor of m and 6?
3
Let h = -40 + 56. Calculate the highest common factor of h and 16.
16
Let r(u) = u + 6. Let a be r(8). What is the greatest common factor of 7 and a?
7
Let n = 12 + 18. What is the highest common factor of n and 120?
30
Let r = 40 - 10. Calculate the highest common divisor of r and 6.
6
Let w(h) = 1 - 3 - h + 2 + 1. Let j be w(-1). What is the highest common divisor of j and 5?
1
Suppose 0*x + 5*x + 20 = -2*s, 0 = -4*x - s - 13. Let k be (3/6)/(x/(-12)). Calculate the highest common factor of k and 3.
3
Suppose 254 + 598 = 4*d + 4*r, -3*d + 5*r = -599. What is the highest common divisor of 16 and d?
16
Let i be 2/(-8) - (-4)/16. Let g be i/(-2*(-2)/(-4)). Suppose 0 = -2*z - 10, -k + 6*z - z + 36 = g. What is the greatest common factor of 55 and k?
11
Let m(s) = 50*s + 2. Let y be m(2). Suppose -4*r - 31 = 4*p - 119, 3*p = 5*r - y. What is the highest common factor of r and 3?
3
Let i be 61/1 + 0 + -1. Let f be 2/8*38*2. Let l = f + -7. What is the highest common factor of i and l?
12
Let g = -19 + 23. Let d = -28 - -52. Let k = -8 + d. Calculate the greatest common divisor of k and g.
4
Let w(t) = -t**3 - 13*t**2 + 14*t + 16. Let d be w(-14). Let l = -10 + 50. Calculate the greatest common divisor of l and d.
8
Let y(j) = -j**3 - 14*j**2 + 15*j + 8. Let h be y(-15). Let s be h/1 + 1/(-1). What is the greatest common divisor of s and 21?
7
Let z(q) = q**2 + 2*q - 2. Let k be z(2). Calculate the greatest common factor of 48 and k.
6
Suppose 2*z + 236 = c, -2*c + c = -z - 239. What is the highest common factor of 22 and c?
22
Let g(i) = -2*i**2 + 3*i**2 + 2 - 6 + 6*i + i**2. Let q be g(-6). Calculate the greatest common divisor of 8 and q.
8
Let u = -20 - -44. Suppose -2*p = u + 2. Let n = p - -22. What is the greatest common factor of n and 9?
9
Let j(v) = -29*v - 1. Let m be j(-2). Suppose 17 - m = -5*l. Calculate the highest common divisor of 20 and l.
4
Let v be 9*((-4)/6 - -3). Calculate the highest common divisor of 84 and v.
21
Let d = 14 + -11. Calculate the greatest common factor of 3 and d.
3
Let a(d) = -15*d + 38. Let q be a(-6). Calculate the highest common divisor of q and 16.
16
Let o(q) = -q**3 - 3*q**2 + 4. Let x be o(-4). Calculate the highest common factor of x and 30.
10
Let f = -6 - -16. Let s be (14 - 4)/((-2)/(-8)). Calculate the greatest common factor of f and s.
10
Suppose 0 = 4*w - 111 - 9. Calculate the greatest common factor of 45 and w.
15
Let n = -1 - -2. Let i(q) = -2 + 3 + 3*q**2 + 11*q**2 + 3*q**2 - 2*q. Let y be i(n). What is the greatest common factor of 4 and y?
4
Let g be (-452)/(-7) - 12/(-28). Suppos